 7*u + 5. Let m be d(4). Let a be (m/(-3))/((-1)/1). Suppose -a*j + 0*i - 4*i = -104, 165 = 5*j + 5*i. What is the tens digit of j?
2
Suppose -7*n + 310 + 40 = 0. Let w = 24 + n. What is the tens digit of w?
7
What is the hundreds digit of (-2)/(-5)*(2 + -5 + 2623)?
0
Let a be 3*((-8)/6 + 3). Suppose 0 = a*b - 616 + 101. Suppose b + 95 = 3*n. What is the tens digit of n?
6
Let n be 2/(-4)*-16 - -1. Let z = n + -6. Suppose p = -z*p + 12. What is the units digit of p?
3
Let g(i) be the second derivative of i**4/4 - 2*i**2 - 30*i. What is the tens digit of g(8)?
8
Let q(f) = f - 2. Let m be q(4). Suppose r + 3*n = 34, -3*r = -m*r - 5*n - 2. What is the tens digit of r?
2
What is the units digit of 5 + -1 + (-8)/4 - -131?
3
Suppose 9*i - 6*i = -240. Let m = -55 - i. What is the units digit of m?
5
Let d(w) = w**2 + 9*w - 18. Let f = 7 - 21. What is the units digit of d(f)?
2
Let a = 1567 - 131. What is the tens digit of a?
3
Let t(h) = -5*h**2 + 8*h - 6. Let o be t(-4). Let c = o - -154. What is the units digit of c?
6
Let z(y) = 2*y**2 + 2*y + 1. Let j be (-24)/11 - (-6)/33. Let o be z(j). Suppose -o*b = 4*d - 14, 3*d = 3*b - 6 + 3. What is the units digit of b?
2
Let c = 120 + 5. Let h = c + -67. What is the tens digit of h?
5
Let t(o) = -o + 36. Let y be t(0). Let q be 4/(-18) - (-800)/y. Let n = 61 - q. What is the units digit of n?
9
Suppose 6*k = 2*k + 12. Suppose -11 = f + k*y - 2*y, -2*f + 2*y = 34. Let i = f - -16. What is the units digit of i?
2
Suppose -2*p = -6*p - 3*f - 16, 47 = -5*p + 3*f. Let s be (-9 - (-116)/12)*12*2. Let z = s - p. What is the units digit of z?
3
Let v = -10 + 5. Let d(t) = -2*t**3 - 9*t**2 - 11*t - 3. What is the units digit of d(v)?
7
What is the hundreds digit of -310*(42/12 - 5)?
4
Suppose -3*p - 5430 = 7*p. Let c = -312 - p. What is the tens digit of c?
3
Let m(l) = 210*l + 120. What is the units digit of m(7)?
0
Suppose 4*b - 3*q - 12613 + 4838 = 0, 6 = 2*q. What is the thousands digit of b?
1
Suppose 234 = -12*b + 690. What is the units digit of b?
8
Let m(a) = a**2 + 1. Let z(j) = 2*j + 3. Let v(w) = m(w) - z(w). Let b be v(3). What is the units digit of 62/3 + b/3?
1
Let i = -7387 - -10433. What is the units digit of i?
6
Suppose 0*c = 3*c - 1272. What is the hundreds digit of c?
4
Suppose u + 1 = -1. What is the units digit of 3/(u + (-33)/(-15))?
5
Suppose 2*b = 2*d + 880, -9*d = -12*d + 3. What is the hundreds digit of b?
4
Let w be 12/6 + (1 - -10). Let z = -11 + w. Suppose z*y - y - 13 = 0. What is the tens digit of y?
1
Let g = -1962 + 3568. What is the units digit of g?
6
Let l(y) = -y**3 + 24*y**2 - 36*y - 34. What is the hundreds digit of l(22)?
1
Let t(f) = 12*f**2 + 2*f + 1. Suppose 5*x = -4*g + 4, 0 = 5*g - 4*x - 53 + 7. Suppose -5*z = -2*z - 5*h + g, h = 0. What is the tens digit of t(z)?
4
Suppose -p + 67 = -2*y - 2*y, 4*y = 3*p - 217. Suppose -i = -5*i - 2*r + 110, 5*r - p = -2*i. What is the tens digit of i?
2
Let j(m) = -2*m + 19. Let t be j(12). Let z be (1 - 118) + 20/t. Let b = z - -196. What is the units digit of b?
5
Let f(j) = 17*j**2 - 8*j - 41. What is the units digit of f(-6)?
9
Let o = -16 - -20. Suppose z - o*z = -39. What is the units digit of 106/z - (-4)/(-26)?
8
What is the hundreds digit of ((-8 + 6)*1)/(12/(-6762))?
1
Suppose n - 12259 = -4*u, 0 = -5*u - 16*n + 20*n + 15350. What is the tens digit of u?
6
Suppose 6469 = 89*w - 8928. What is the hundreds digit of w?
1
Suppose -2*n = -6, -3*t - 10*n = -7*n - 12555. What is the hundreds digit of t?
1
Let q(k) = k**3 + 10*k**2 + 8*k - 10. Let p be q(-9). What is the units digit of (3 - (4 + 19))/p?
0
Suppose -4*a + 5 + 15 = 0. Let p(m) = m**2 + 3*m + 2. Let g be p(a). Let r = g + -22. What is the units digit of r?
0
Let i(p) = -p + 6. Let j be i(9). Let w = 12 - j. Suppose -f + w + 5 = 0. What is the tens digit of f?
2
Let b(w) = 2*w**3 + 74*w**2 + 139*w + 49. What is the thousands digit of b(-34)?
2
Let o = 7 - 21. Let x = o + 154. Suppose -3*z + x - 38 = 0. What is the units digit of z?
4
Suppose 11*n + 1816 = 13*n - o, 3*o + 2724 = 3*n. What is the tens digit of n?
0
Suppose -2684 = -37*j + 33*j. What is the hundreds digit of j?
6
Let w = 8 + -6. Let i(a) = a**3 - 2*a + 1. Let h be i(1). Suppose -3*r - 2*r + 141 = -v, h = w*r - 4*v - 60. What is the tens digit of r?
2
What is the units digit of 1522*(-1 + 0)*18/(-36)?
1
Let p(g) be the first derivative of g**3/2 - 3*g**2 + 4*g - 4. Let q(w) be the first derivative of p(w). What is the units digit of q(4)?
6
Let c = 2 + 1. Suppose -4*o + 1 + 3 = -c*u, -16 = -4*u. Suppose 4*g + 0*g - 47 = -5*m, 0 = g - o*m - 17. What is the tens digit of g?
1
Suppose 2*r + 5*x = 474, 900 = -0*r + 4*r - 2*x. What is the tens digit of r?
2
Let s be (-2 + -2)/(-1)*-3. What is the tens digit of 210/9*(-18)/s?
3
Let s be 4/((-24)/18) - -5. Suppose 141 = s*l + 19. What is the units digit of l?
1
Let n(h) = 11*h**2 - 5*h + 2. Let z(o) = -12*o**2 + 6*o - 1. Let r(x) = 6*n(x) + 5*z(x). What is the hundreds digit of r(4)?
1
Let b be 1 - (0 + (-22)/2). Let o(l) = 2 - 13*l + 9 + 3 + 13*l**2 - l**3. What is the units digit of o(b)?
2
Let z = 29 - 23. Suppose -2*r = -z - 26. What is the tens digit of (33/(-2))/((-12)/r)?
2
Let p = -34 - -25. What is the units digit of (1 + -49)*6/p?
2
Suppose 4*q + 102 = 2*q. Let n = 6 - q. Suppose -2*w = 5*b - 38, -n = -w - 2*w + b. What is the units digit of w?
9
Suppose -107*o = 2*j - 110*o - 2797, -2800 = -2*j + 4*o. What is the thousands digit of j?
1
What is the tens digit of 210/(-5)*((-483)/(-9))/(-7)?
2
Suppose 0 = -3*c + 6*b + 2103, 58*c = 59*c + 5*b - 666. What is the hundreds digit of c?
6
Suppose -49*a = -42*a - 2163. What is the hundreds digit of a?
3
Let c(o) = 10*o**2 + 4*o + 69. What is the units digit of c(7)?
7
Suppose -4*g = -9*g + 780. Suppose 0 = 5*q - 3*j + 351, -2*q - 2*j - g = 2*j. What is the units digit of -4 + (0 - (q - -3))?
5
Let w(o) = 2*o**2 - 3 - 2*o**2 + 2*o**2 - 4*o + 3*o**2 + o**3. What is the units digit of w(-5)?
7
Suppose -5*h + 180 = -0*h. Let c = h + -24. Let p = 58 - c. What is the tens digit of p?
4
Suppose 5*g - 27 = 8. Suppose j - 2 = -g. Let l(y) = y**3 + 7*y**2 + 2*y + 1. What is the tens digit of l(j)?
4
Let m = -27 - -41. Suppose 10*q = 7*q + 3. Let b = q + m. What is the units digit of b?
5
Let b be (-6 - -2)*12*4. Let v = b + 41. Let f = 215 + v. What is the tens digit of f?
6
Suppose -79*n = -63178 - 91978. What is the hundreds digit of n?
9
Suppose 4*a + 5*q = 458, a - 118 = -9*q + 6*q. What is the hundreds digit of a?
1
Let o(h) = 181*h - 2. What is the hundreds digit of o(15)?
7
Let v be (-188)/(-36) - 2/9. Suppose 0 = v*t + 1 + 19. Let n = -1 - t. What is the units digit of n?
3
What is the units digit of 10/20 + (671/2)/1?
6
Let y(t) = -t**3 - 5*t**2 - t + 1. Let r be y(-5). Suppose -h + 5 = 0, 2*u = -2*h - 2*h + r. Let x(m) = -m**2 - 5*m + 16. What is the units digit of x(u)?
2
Let u(i) = 6*i**2. Let w be u(1). Suppose 3*o - 68 = 5*t, 5*t + 70 = -o + w*o. What is the tens digit of (12 + t)/((-2)/30)?
1
Let x(y) be the first derivative of -7*y**2/2 - 3*y - 3. Suppose 4*h + 11 = -0*l + l, -4*h + 4*l - 8 = 0. What is the tens digit of x(h)?
1
Let s(q) = q**3 + 24*q**2 + 89*q - 19. What is the units digit of s(-16)?
5
Suppose 0 = 2*h - h - 2. Suppose 89 = 2*k + 5*z, h*k + 2*z - z - 101 = 0. What is the tens digit of k?
5
Let z(k) = -k**2 + 7*k + 475. What is the tens digit of z(0)?
7
Let z(x) = 48*x**2 + 19*x - 23. What is the thousands digit of z(-5)?
1
Suppose 0 = 3*g + 4*s - s + 9, 2*s = -g. What is the tens digit of (g/9)/(5/(-300))?
4
Suppose 0 = -4*r + 3*r - 4*g + 170, 4*r = -5*g + 691. Let a = r + -63. What is the units digit of a?
1
Suppose -4*a + 3*k + 355 + 143 = 0, 2*a - 246 = 3*k. Let c = 226 - a. What is the units digit of (0 + c/(-8))*-2?
5
Suppose 5992 - 238 = 7*t. What is the hundreds digit of t?
8
Let m = 281 - -291. What is the hundreds digit of m?
5
Suppose 5*d + 391 = -609. Let z be (-20)/5 - d/2. Suppose 26 = -5*j + z. What is the tens digit of j?
1
Let n be 2 - 6*8/12. Let z be (3 + -5)/n - 5. What is the tens digit of ((-5)/z)/(7/112)?
2
Suppose -7*v + 6*v = -66. Suppose v = 2*h + 14. What is the tens digit of h?
2
Let t be (-12)/1*8/16. Let u be ((-8)/t)/(6/(-225)). Let y = 84 + u. What is